{"id":304,"date":"2013-05-02T18:45:24","date_gmt":"2013-05-02T18:45:24","guid":{"rendered":"http:\/\/loklinde.de\/?page_id=304"},"modified":"2018-04-07T21:39:40","modified_gmt":"2018-04-07T21:39:40","slug":"hauptversammlung-2013","status":"publish","type":"page","link":"http:\/\/loklinde.de\/index.php\/hauptversammlung-2013\/","title":{"rendered":"Hauptversammlung 2017"},"content":{"rendered":"<p style=\"text-align: left;\" align=\"center\">Auch in diesem Jahr, am 20. April, waren die Mitglieder des Schoppenvereins 1. FC Lok Linde zur Hauptversammlung geladen. Vorsitzender Marc Schramm&nbsp;begr\u00fc\u00dfte 32 Mitglieder im&nbsp;Sportlerhaus Dipperz.<\/p>\n<p>Nach einer Gedenkminute f\u00fcr die verstorbenen Vereinsmitglieder bedankte sich der Vorstand bei den Mitgliedern f\u00fcr die Einsatzbereitschaft bei den verschiedenen Veranstaltungen. Danach gab der 2. Schriftf\u00fchrer&nbsp;Sascha Weidler&nbsp;einen kurzen R\u00fcckblick auf die Aktivit\u00e4ten des abgelaufenen Vereinsjahres. Der 1. Kassierer Paul Weber berichtete von einer guten Finanzlage des Vereins, was die Kassenpr\u00fcfer Andreas Trapp und Ramona Stehling best\u00e4tigen konnten. Sie bescheinigten eine ordnungsgem\u00e4\u00dfe Kassenf\u00fchrung. Anschlie\u00dfend ging Trainer Tobias Schleicher in&nbsp;seinen Ausf\u00fchrungen n\u00e4her auf den sportlichen Bereich der Lok Linde ein. Darauffolgend wurde der Gesamtvorstand, auf Antrag von Andreas Trapp, von der Versammlung ohne Einw\u00e4nde entlastet. Die sich anschlie\u00dfenden Neuwahlen brachten, nach z\u00fcgigem Verlauf, folgendes Ergebnis:<\/p>\n<p>3 gleichberechtigte Vorst\u00e4nde: Marc Schramm, Martin K\u00f6nig, Steffen Schleicher<\/p>\n<p>Schriftf\u00fchrer (1.): Christian Berger<\/p>\n<p>Schriftf\u00fchrer (2):&nbsp;Sascha Weidler<\/p>\n<p>Kassierer (1.): Tobias Walter<\/p>\n<p>Kassierer (2.): Paul Weber<\/p>\n<p>Kassenpr\u00fcfer: Bertram Haum\u00fcller,<\/p>\n<p>Trainer: Tobias Schleicher<\/p>\n<p>Co-Trainer: Michael Walter<\/p>\n<p>Grafik- und Medienbeauftragter (GMB):&nbsp;&nbsp;&nbsp;&nbsp;&nbsp; Stephan Schulz<\/p>\n<p>Vergn\u00fcgungsausschuss-Vorsitzender (VAV):&nbsp;&nbsp;&nbsp;&nbsp;&nbsp;&nbsp;&nbsp;&nbsp;&nbsp; Harald Ullrich<\/p>\n<p>Frauenbeauftragte: Alexandra Schramm<\/p>\n<p>Unter dem Punkt Verschiedenes wies der Vorstand auf die kommenden Veranstaltungen\/Termine hin:<\/p>\n<table width=\"617\">\n<tbody>\n<tr>\n<td width=\"190\"><strong>Termin<\/strong><\/td>\n<td width=\"228\"><strong>Veranstaltung<\/strong><\/td>\n<td width=\"191\"><strong>Ort<\/strong><\/td>\n<\/tr>\n<tr>\n<td width=\"190\"><strong>01. Mai ab 13:00 Uhr<\/strong><\/td>\n<td width=\"228\">Grillen\/gem\u00fctliches Beisammensein<\/td>\n<td width=\"191\">Neuer Sportplatz<\/td>\n<\/tr>\n<tr>\n<td width=\"190\"><strong>29. &#8211; 30. Juli<\/strong><\/td>\n<td width=\"228\">Schoppenturnier\/Hitcontainer<\/td>\n<td width=\"191\">Alter Sportplatz<\/td>\n<\/tr>\n<tr>\n<td width=\"190\"><strong>16. September<\/strong><\/td>\n<td width=\"228\">Herbstfahrt<\/td>\n<td width=\"191\">&nbsp;<\/td>\n<\/tr>\n<tr>\n<td width=\"190\"><strong>Jeden 1. Donnerstag im Monat ab 20:30 Uhr<\/strong><\/td>\n<td width=\"228\">Monatssitzung<\/td>\n<td width=\"191\">Wird jeweils zeitnah bekannt gegeben<\/td>\n<\/tr>\n<\/tbody>\n<\/table>\n<p>&nbsp;<\/p>\n<p>Anschlie\u00dfend wurde der offizielle Teil der Sitzung geschlossen und der Abend mit dem Tagesordnungspunkt \u201egem\u00fctliches Beisammensein\u201c beendet.<\/p>\n<p>&nbsp;<\/p>\n<p><a href=\"http:\/\/loklinde.de\/hauptversammlung-2013\/lok-holz\/\" rel=\"attachment wp-att-1701\"><img loading=\"lazy\" decoding=\"async\" class=\"alignnone wp-image-1701 size-large\" src=\"http:\/\/loklinde.de\/wp-content\/uploads\/2013\/05\/lok-holz-1024x464.jpg\" alt=\"\" width=\"720\" height=\"326\" srcset=\"http:\/\/loklinde.de\/wp-content\/uploads\/2013\/05\/lok-holz-1024x464.jpg 1024w, http:\/\/loklinde.de\/wp-content\/uploads\/2013\/05\/lok-holz-300x136.jpg 300w, http:\/\/loklinde.de\/wp-content\/uploads\/2013\/05\/lok-holz-768x348.jpg 768w\" sizes=\"auto, (max-width: 720px) 100vw, 720px\" \/><\/a><\/p>\n<p><a href=\"http:\/\/loklinde.de\/hauptversammlung-2013\/20170420_195714\/\" rel=\"attachment wp-att-1694\"><img loading=\"lazy\" decoding=\"async\" class=\"alignnone wp-image-1694 size-large\" src=\"http:\/\/loklinde.de\/wp-content\/uploads\/2013\/05\/20170420_195714-1024x768.jpg\" alt=\"\" width=\"720\" height=\"540\" srcset=\"http:\/\/loklinde.de\/wp-content\/uploads\/2013\/05\/20170420_195714-1024x768.jpg 1024w, http:\/\/loklinde.de\/wp-content\/uploads\/2013\/05\/20170420_195714-300x225.jpg 300w, http:\/\/loklinde.de\/wp-content\/uploads\/2013\/05\/20170420_195714-768x576.jpg 768w\" sizes=\"auto, (max-width: 720px) 100vw, 720px\" \/><\/a><\/p>\n<p><a href=\"http:\/\/loklinde.de\/hauptversammlung-2013\/20170420_195732\/\" rel=\"attachment wp-att-1696\"><img loading=\"lazy\" decoding=\"async\" class=\"alignnone wp-image-1696 size-large\" src=\"http:\/\/loklinde.de\/wp-content\/uploads\/2013\/05\/20170420_195732-1024x768.jpg\" alt=\"\" width=\"720\" height=\"540\" srcset=\"http:\/\/loklinde.de\/wp-content\/uploads\/2013\/05\/20170420_195732-1024x768.jpg 1024w, http:\/\/loklinde.de\/wp-content\/uploads\/2013\/05\/20170420_195732-300x225.jpg 300w, http:\/\/loklinde.de\/wp-content\/uploads\/2013\/05\/20170420_195732-768x576.jpg 768w\" sizes=\"auto, (max-width: 720px) 100vw, 720px\" \/><\/a><\/p>\n<p><a href=\"http:\/\/loklinde.de\/hauptversammlung-2013\/20170420_195722\/\" rel=\"attachment wp-att-1695\"><img loading=\"lazy\" decoding=\"async\" class=\"alignnone wp-image-1695 size-large\" src=\"http:\/\/loklinde.de\/wp-content\/uploads\/2013\/05\/20170420_195722-1024x768.jpg\" alt=\"\" width=\"720\" height=\"540\" srcset=\"http:\/\/loklinde.de\/wp-content\/uploads\/2013\/05\/20170420_195722-1024x768.jpg 1024w, http:\/\/loklinde.de\/wp-content\/uploads\/2013\/05\/20170420_195722-300x225.jpg 300w, http:\/\/loklinde.de\/wp-content\/uploads\/2013\/05\/20170420_195722-768x576.jpg 768w\" sizes=\"auto, (max-width: 720px) 100vw, 720px\" \/><\/a><\/p>\n<p><a href=\"http:\/\/loklinde.de\/hauptversammlung-2013\/20170420_195758\/\" rel=\"attachment wp-att-1697\"><img loading=\"lazy\" decoding=\"async\" class=\"alignnone wp-image-1697 size-large\" src=\"http:\/\/loklinde.de\/wp-content\/uploads\/2013\/05\/20170420_195758-1024x768.jpg\" alt=\"\" width=\"720\" height=\"540\" srcset=\"http:\/\/loklinde.de\/wp-content\/uploads\/2013\/05\/20170420_195758-1024x768.jpg 1024w, http:\/\/loklinde.de\/wp-content\/uploads\/2013\/05\/20170420_195758-300x225.jpg 300w, http:\/\/loklinde.de\/wp-content\/uploads\/2013\/05\/20170420_195758-768x576.jpg 768w\" sizes=\"auto, (max-width: 720px) 100vw, 720px\" \/><\/a><\/p>\n<p><a href=\"http:\/\/loklinde.de\/hauptversammlung-2013\/20170420_203734_001\/\" rel=\"attachment wp-att-1698\"><img loading=\"lazy\" decoding=\"async\" class=\"alignnone wp-image-1698 size-large\" src=\"http:\/\/loklinde.de\/wp-content\/uploads\/2013\/05\/20170420_203734_001-1024x768.jpg\" alt=\"\" width=\"720\" height=\"540\" srcset=\"http:\/\/loklinde.de\/wp-content\/uploads\/2013\/05\/20170420_203734_001-1024x768.jpg 1024w, http:\/\/loklinde.de\/wp-content\/uploads\/2013\/05\/20170420_203734_001-300x225.jpg 300w, http:\/\/loklinde.de\/wp-content\/uploads\/2013\/05\/20170420_203734_001-768x576.jpg 768w\" sizes=\"auto, (max-width: 720px) 100vw, 720px\" \/><\/a><\/p>\n<p><a href=\"http:\/\/loklinde.de\/hauptversammlung-2013\/20170420_203806\/\" rel=\"attachment wp-att-1699\"><img loading=\"lazy\" decoding=\"async\" class=\"alignnone wp-image-1699 size-large\" src=\"http:\/\/loklinde.de\/wp-content\/uploads\/2013\/05\/20170420_203806-1024x768.jpg\" alt=\"\" width=\"720\" height=\"540\" srcset=\"http:\/\/loklinde.de\/wp-content\/uploads\/2013\/05\/20170420_203806-1024x768.jpg 1024w, http:\/\/loklinde.de\/wp-content\/uploads\/2013\/05\/20170420_203806-300x225.jpg 300w, http:\/\/loklinde.de\/wp-content\/uploads\/2013\/05\/20170420_203806-768x576.jpg 768w\" sizes=\"auto, (max-width: 720px) 100vw, 720px\" \/><\/a><\/p>\n<p><a href=\"http:\/\/loklinde.de\/hauptversammlung-2013\/20170420_212304\/\" rel=\"attachment wp-att-1702\"><img loading=\"lazy\" decoding=\"async\" class=\"alignnone wp-image-1702 size-large\" src=\"http:\/\/loklinde.de\/wp-content\/uploads\/2013\/05\/20170420_212304-1024x768.jpg\" alt=\"\" width=\"720\" height=\"540\" srcset=\"http:\/\/loklinde.de\/wp-content\/uploads\/2013\/05\/20170420_212304-1024x768.jpg 1024w, http:\/\/loklinde.de\/wp-content\/uploads\/2013\/05\/20170420_212304-300x225.jpg 300w, http:\/\/loklinde.de\/wp-content\/uploads\/2013\/05\/20170420_212304-768x576.jpg 768w\" sizes=\"auto, (max-width: 720px) 100vw, 720px\" \/><\/a><\/p>\n<p>&nbsp;<\/p>\n<p>&nbsp;<\/p>\n<p>&nbsp;<\/p>\n<p>&nbsp;<\/p>\n<p>&nbsp;<\/p>\n<p>&nbsp;<\/p>\n<p>&nbsp;<\/p>\n<p>&nbsp;<\/p>\n<p>&nbsp;<\/p>\n<p>&nbsp;<\/p>\n<p>&nbsp;<\/p>\n","protected":false},"excerpt":{"rendered":"<p>Auch in diesem Jahr, am 20. April, waren die Mitglieder des Schoppenvereins 1. FC Lok Linde zur Hauptversammlung geladen. Vorsitzender Marc Schramm&nbsp;begr\u00fc\u00dfte 32 Mitglieder im&nbsp;Sportlerhaus Dipperz. Nach einer Gedenkminute f\u00fcr die verstorbenen Vereinsmitglieder bedankte sich der Vorstand bei den Mitgliedern f\u00fcr die Einsatzbereitschaft bei den verschiedenen Veranstaltungen. Danach gab der 2. Schriftf\u00fchrer&nbsp;Sascha Weidler&nbsp;einen kurzen R\u00fcckblick [&hellip;]<\/p>\n","protected":false},"author":1,"featured_media":0,"parent":0,"menu_order":0,"comment_status":"closed","ping_status":"closed","template":"","meta":{"ngg_post_thumbnail":0,"footnotes":""},"class_list":["post-304","page","type-page","status-publish","hentry"],"_links":{"self":[{"href":"http:\/\/loklinde.de\/index.php\/wp-json\/wp\/v2\/pages\/304","targetHints":{"allow":["GET"]}}],"collection":[{"href":"http:\/\/loklinde.de\/index.php\/wp-json\/wp\/v2\/pages"}],"about":[{"href":"http:\/\/loklinde.de\/index.php\/wp-json\/wp\/v2\/types\/page"}],"author":[{"embeddable":true,"href":"http:\/\/loklinde.de\/index.php\/wp-json\/wp\/v2\/users\/1"}],"replies":[{"embeddable":true,"href":"http:\/\/loklinde.de\/index.php\/wp-json\/wp\/v2\/comments?post=304"}],"version-history":[{"count":0,"href":"http:\/\/loklinde.de\/index.php\/wp-json\/wp\/v2\/pages\/304\/revisions"}],"wp:attachment":[{"href":"http:\/\/loklinde.de\/index.php\/wp-json\/wp\/v2\/media?parent=304"}],"curies":[{"name":"wp","href":"https:\/\/api.w.org\/{rel}","templated":true}]}}

<p style="text-align: left;" align="center">Auch in diesem Jahr, am 20. April, waren die Mitglieder des Schoppenvereins 1. FC Lok Linde zur Hauptversammlung geladen. Vorsitzender Marc Schramm&nbsp;begrüßte 32 Mitglieder im&nbsp;Sportlerhaus Dipperz.</p>
<p>Nach einer Gedenkminute für die verstorbenen Vereinsmitglieder bedankte sich der Vorstand bei den Mitgliedern für die Einsatzbereitschaft bei den verschiedenen Veranstaltungen. Danach gab der 2. Schriftführer&nbsp;Sascha Weidler&nbsp;einen kurzen Rückblick auf die Aktivitäten des abgelaufenen Vereinsjahres. Der 1. Kassierer Paul Weber berichtete von einer guten Finanzlage des Vereins, was die Kassenprüfer Andreas Trapp und Ramona Stehling bestätigen konnten. Sie bescheinigten eine ordnungsgemäße Kassenführung. Anschließend ging Trainer Tobias Schleicher in&nbsp;seinen Ausführungen näher auf den sportlichen Bereich der Lok Linde ein. Darauffolgend wurde der Gesamtvorstand, auf Antrag von Andreas Trapp, von der Versammlung ohne Einwände entlastet. Die sich anschließenden Neuwahlen brachten, nach zügigem Verlauf, folgendes Ergebnis:</p>
<p>3 gleichberechtigte Vorstände: Marc Schramm, Martin König, Steffen Schleicher</p>
<p>Schriftführer (1.): Christian Berger</p>
<p>Schriftführer (2):&nbsp;Sascha Weidler</p>
<p>Kassierer (1.): Tobias Walter</p>
<p>Kassierer (2.): Paul Weber</p>
<p>Kassenprüfer: Bertram Haumüller,</p>
<p>Trainer: Tobias Schleicher</p>
<p>Co-Trainer: Michael Walter</p>
<p>Grafik- und Medienbeauftragter (GMB):&nbsp;&nbsp;&nbsp;&nbsp;&nbsp; Stephan Schulz</p>
<p>Vergnügungsausschuss-Vorsitzender (VAV):&nbsp;&nbsp;&nbsp;&nbsp;&nbsp;&nbsp;&nbsp;&nbsp;&nbsp; Harald Ullrich</p>
<p>Frauenbeauftragte: Alexandra Schramm</p>
<p>Unter dem Punkt Verschiedenes wies der Vorstand auf die kommenden Veranstaltungen/Termine hin:</p>
<table width="617">
<tbody>
<tr>
<td width="190"><strong>Termin</strong></td>
<td width="228"><strong>Veranstaltung</strong></td>
<td width="191"><strong>Ort</strong></td>
</tr>
<tr>
<td width="190"><strong>01. Mai ab 13:00 Uhr</strong></td>
<td width="228">Grillen/gemütliches Beisammensein</td>
<td width="191">Neuer Sportplatz</td>
</tr>
<tr>
<td width="190"><strong>29. &#8211; 30. Juli</strong></td>
<td width="228">Schoppenturnier/Hitcontainer</td>
<td width="191">Alter Sportplatz</td>
</tr>
<tr>
<td width="190"><strong>16. September</strong></td>
<td width="228">Herbstfahrt</td>
<td width="191">&nbsp;</td>
</tr>
<tr>
<td width="190"><strong>Jeden 1. Donnerstag im Monat ab 20:30 Uhr</strong></td>
<td width="228">Monatssitzung</td>
<td width="191">Wird jeweils zeitnah bekannt gegeben</td>
</tr>
</tbody>
</table>
<p>&nbsp;</p>
<p>Anschließend wurde der offizielle Teil der Sitzung geschlossen und der Abend mit dem Tagesordnungspunkt „gemütliches Beisammensein“ beendet.</p>
<p>&nbsp;</p>
<p><a href="http://loklinde.de/hauptversammlung-2013/lok-holz/" rel="attachment wp-att-1701"><img loading="lazy" decoding="async" class="alignnone wp-image-1701 size-large" src="http://loklinde.de/wp-content/uploads/2013/05/lok-holz-1024x464.jpg" alt="" width="720" height="326" srcset="http://loklinde.de/wp-content/uploads/2013/05/lok-holz-1024x464.jpg 1024w, http://loklinde.de/wp-content/uploads/2013/05/lok-holz-300x136.jpg 300w, http://loklinde.de/wp-content/uploads/2013/05/lok-holz-768x348.jpg 768w" sizes="auto, (max-width: 720px) 100vw, 720px" /></a></p>
<p><a href="http://loklinde.de/hauptversammlung-2013/20170420_195714/" rel="attachment wp-att-1694"><img loading="lazy" decoding="async" class="alignnone wp-image-1694 size-large" src="http://loklinde.de/wp-content/uploads/2013/05/20170420_195714-1024x768.jpg" alt="" width="720" height="540" srcset="http://loklinde.de/wp-content/uploads/2013/05/20170420_195714-1024x768.jpg 1024w, http://loklinde.de/wp-content/uploads/2013/05/20170420_195714-300x225.jpg 300w, http://loklinde.de/wp-content/uploads/2013/05/20170420_195714-768x576.jpg 768w" sizes="auto, (max-width: 720px) 100vw, 720px" /></a></p>
<p><a href="http://loklinde.de/hauptversammlung-2013/20170420_195732/" rel="attachment wp-att-1696"><img loading="lazy" decoding="async" class="alignnone wp-image-1696 size-large" src="http://loklinde.de/wp-content/uploads/2013/05/20170420_195732-1024x768.jpg" alt="" width="720" height="540" srcset="http://loklinde.de/wp-content/uploads/2013/05/20170420_195732-1024x768.jpg 1024w, http://loklinde.de/wp-content/uploads/2013/05/20170420_195732-300x225.jpg 300w, http://loklinde.de/wp-content/uploads/2013/05/20170420_195732-768x576.jpg 768w" sizes="auto, (max-width: 720px) 100vw, 720px" /></a></p>
<p><a href="http://loklinde.de/hauptversammlung-2013/20170420_195722/" rel="attachment wp-att-1695"><img loading="lazy" decoding="async" class="alignnone wp-image-1695 size-large" src="http://loklinde.de/wp-content/uploads/2013/05/20170420_195722-1024x768.jpg" alt="" width="720" height="540" srcset="http://loklinde.de/wp-content/uploads/2013/05/20170420_195722-1024x768.jpg 1024w, http://loklinde.de/wp-content/uploads/2013/05/20170420_195722-300x225.jpg 300w, http://loklinde.de/wp-content/uploads/2013/05/20170420_195722-768x576.jpg 768w" sizes="auto, (max-width: 720px) 100vw, 720px" /></a></p>
<p><a href="http://loklinde.de/hauptversammlung-2013/20170420_195758/" rel="attachment wp-att-1697"><img loading="lazy" decoding="async" class="alignnone wp-image-1697 size-large" src="http://loklinde.de/wp-content/uploads/2013/05/20170420_195758-1024x768.jpg" alt="" width="720" height="540" srcset="http://loklinde.de/wp-content/uploads/2013/05/20170420_195758-1024x768.jpg 1024w, http://loklinde.de/wp-content/uploads/2013/05/20170420_195758-300x225.jpg 300w, http://loklinde.de/wp-content/uploads/2013/05/20170420_195758-768x576.jpg 768w" sizes="auto, (max-width: 720px) 100vw, 720px" /></a></p>
<p><a href="http://loklinde.de/hauptversammlung-2013/20170420_203734_001/" rel="attachment wp-att-1698"><img loading="lazy" decoding="async" class="alignnone wp-image-1698 size-large" src="http://loklinde.de/wp-content/uploads/2013/05/20170420_203734_001-1024x768.jpg" alt="" width="720" height="540" srcset="http://loklinde.de/wp-content/uploads/2013/05/20170420_203734_001-1024x768.jpg 1024w, http://loklinde.de/wp-content/uploads/2013/05/20170420_203734_001-300x225.jpg 300w, http://loklinde.de/wp-content/uploads/2013/05/20170420_203734_001-768x576.jpg 768w" sizes="auto, (max-width: 720px) 100vw, 720px" /></a></p>
<p><a href="http://loklinde.de/hauptversammlung-2013/20170420_203806/" rel="attachment wp-att-1699"><img loading="lazy" decoding="async" class="alignnone wp-image-1699 size-large" src="http://loklinde.de/wp-content/uploads/2013/05/20170420_203806-1024x768.jpg" alt="" width="720" height="540" srcset="http://loklinde.de/wp-content/uploads/2013/05/20170420_203806-1024x768.jpg 1024w, http://loklinde.de/wp-content/uploads/2013/05/20170420_203806-300x225.jpg 300w, http://loklinde.de/wp-content/uploads/2013/05/20170420_203806-768x576.jpg 768w" sizes="auto, (max-width: 720px) 100vw, 720px" /></a></p>
<p><a href="http://loklinde.de/hauptversammlung-2013/20170420_212304/" rel="attachment wp-att-1702"><img loading="lazy" decoding="async" class="alignnone wp-image-1702 size-large" src="http://loklinde.de/wp-content/uploads/2013/05/20170420_212304-1024x768.jpg" alt="" width="720" height="540" srcset="http://loklinde.de/wp-content/uploads/2013/05/20170420_212304-1024x768.jpg 1024w, http://loklinde.de/wp-content/uploads/2013/05/20170420_212304-300x225.jpg 300w, http://loklinde.de/wp-content/uploads/2013/05/20170420_212304-768x576.jpg 768w" sizes="auto, (max-width: 720px) 100vw, 720px" /></a></p>
<p>&nbsp;</p>
<p>&nbsp;</p>
<p>&nbsp;</p>
<p>&nbsp;</p>
<p>&nbsp;</p>
<p>&nbsp;</p>
<p>&nbsp;</p>
<p>&nbsp;</p>
<p>&nbsp;</p>
<p>&nbsp;</p>
<p>&nbsp;</p>

<p>Auch in diesem Jahr, am 20. April, waren die Mitglieder des Schoppenvereins 1. FC Lok Linde zur Hauptversammlung geladen. Vorsitzender Marc Schramm&nbsp;begrüßte 32 Mitglieder im&nbsp;Sportlerhaus Dipperz. Nach einer Gedenkminute für die verstorbenen Vereinsmitglieder bedankte sich der Vorstand bei den Mitgliedern für die Einsatzbereitschaft bei den verschiedenen Veranstaltungen. Danach gab der 2. Schriftführer&nbsp;Sascha Weidler&nbsp;einen kurzen Rückblick [&hellip;]</p>
